
-3
Let z be 305/(-122)*(-152)/(-20). Let k(d) = -d**3 - 19*d**2 + 9. Calculate k(z).
9
Let g(f) = -f**3 + 10*f**2 - 9*f - 88. Let s be g(6). Let m be 5*10 + (0 - 1). Let x(b) = 4*b - 12 + m*b**2 - 48*b**s - 3*b. Calculate x(0).
-12
Let a(y) = -7*y**3 + 196*y**2 + 4. Let t be a(28). Let m(w) = -7*w + 4. Let f(c) = -8*c + 4. Let k(s) = 4*f(s) - 5*m(s). What is k(t)?
8
Let m = -1045 - -1039. Let i(t) = 6*t + 5. What is i(m)?
-31
Let v(u) = -79*u**2 - 80*u**2 + 232*u**2 - 74*u**2 - 7*u + 6. Determine v(-8).
-2
Let k(q) = 86*q**2 - 25*q**2 + 0*q - 33*q**2 - 26*q**2 + 13 - q. What is k(3)?
28
Let s be ((-24)/(-16) + -1)*38. Suppose -3*a = -5*d + 16, 14*a - s*a = 4*d + 2. Let v(w) = w - 3. Determine v(a).
-5
Let i = 141 + -148. Let r be -5 + (-4 - (-2 - i)). Let c = 14 + r. Let v(o) = -o**2 - 2. Give v(c).
-2
Let s(d) = -d**3 + 10*d**2 - 11*d + 25. Let f(w) = 35*w + 1094. Let y be f(-31). What is s(y)?
7
Let f(k) = -k + 9. Let w be f(10). Let a(d) = 4*d**3 + d**2 + 2*d + 2. Determine a(w).
-3
Let p(b) = -2 - 63*b - 12 + 5 + 70*b + 50. Give p(-6).
-1
Let q(p) = -2*p**2 + p + 1. Suppose -4 - 29 = -3*r. Suppose -r*a + 56 = 3*a. Give q(a).
-27
Let x(l) be the first derivative of l**3/3 + l**2/2 - 4*l + 1299. Let m be 2/(-9) + (-258)/54. Give x(m).
16
Let k(n) = 27*n - 12 + 25*n - 73*n - 1 + 22*n. Calculate k(10).
-3
Let r(w) = -w**3 - 9*w**2 - 23*w - 30. Let m be (4/(-3))/((-325)/45 + 7)*-1. Calculate r(m).
0
Let r(u) be the second derivative of -u**4/24 - 13*u**3/6 - 95*u**2/2 + 60*u + 1. Let g(p) be the first derivative of r(p). Calculate g(-15).
2
Let m(u) be the third derivative of u**6/360 + u**5/60 - u**4/3 - 41*u**3/6 + u**2 + 15*u. Let g(b) be the first derivative of m(b). Determine g(0).
-8
Let y(n) = 13*n - 65. Let i = 11062 + -11062. Give y(i).
-65
Let z(a) = 4*a**2 - 3*a - 1. Let p(x) = -13*x**2 + 27*x + 18. Let o(h) = -p(h) - 3*z(h). Give o(18).
-15
Let f = 0 + -3. Let q = f + 7. Let c(t) be the first derivative of -t**2 + t + 3691. Calculate c(q).
-7
Let i(r) be the first derivative of 3*r**5/20 - r**4/12 + r**2 + 121*r - 78. Let z(l) be the first derivative of i(l). Determine z(2).
22
Let j(x) = -64*x + 1. Let i(v) = 23*v - 1. Let h(b) = -11*i(b) - 4*j(b). Calculate h(-5).
-8
Let w(n) be the first derivative of 17*n**2 - 107*n - 2393. What is w(3)?
-5
Let n be 8*1*(-4)/(-8) + 4. Let l be n - 2 - (9 + -3). Let b(k) = 0*k + k + 1 - 3. Calculate b(l).
-2
Let c(h) = -h**3 + 21*h**2 + 46*h - 8. Suppose 4*t = z + 97, 119*t - 117*t = 2*z + 56. Give c(t).
-8
Let v(y) = 13*y - 2. Suppose -66*n - 20 = -76*n. Let i(f) = -f**3 + 2*f**2 - 3*f + 8. Let g be i(n). What is v(g)?
24
Let n(l) = -4*l**2 + 65*l + 42. Let q be (-14)/(140/(-170))*((-2)/(-1) + -1). What is n(q)?
-9
Let o(z) = z + 14. Let d(a) = -a**3 - 13*a**2 - 6*a + 42. Let b be d(-12). Let w be (-26 - b) + 1 + -5. Determine o(w).
14
Suppose -4*q - 28 = -4*n, 3*q - 30 = -2*n - 26. Let s(f) = -3*f**2 + 2*f + 2. Let x(o) = -14*o**2 + 8*o + 8. Let j(u) = q*x(u) + 9*s(u). Give j(-6).
26
Let o(s) = 4*s**2 - s - 3. Let n(p) = 1 - 2*p**2 - 3 + 4*p**2. Let c(q) = -5*n(q) + 3*o(q). Let g be (-48)/(-24) + (4 - 4)/(-2). Give c(g).
3
Let h(t) = 6*t - 4. Let l = -119 - -120. Determine h(l).
2
Let o(m) = 3372 + 3540 + 6*m - 10441 + 3535. Let q(h) = -9*h + 1. Let d be q(1). What is o(d)?
-42
Let n(y) = -5*y**2 + 10*y - 12. Let j(i) = 3*i**2 + 2*i - 2. Let f(p) = j(p) + n(p). Calculate f(9).
-68
Let u(y) = -21*y - 3. Let j(m) = 2*m**2 + 24*m - 21. Let h be j(-13). Let t(s) = 11*s + 2. Let f(l) = h*t(l) + 3*u(l). Give f(-5).
41
Let w = 36 + -33. Let j(i) = -4*i - 8*i**2 - 1 - 3 - i**3 - w. Give j(-8).
25
Let t = 7 + -4. Suppose t*b + 6 = -o - 9, 4*o - 2*b = 10. Let d(z) be the first derivative of z**4/4 + z**3/3 - z**2/2 - 17*z - 56671. What is d(o)?
-17
Let d(k) = -k**3 + 16*k**2 + 63*k + 16. Let z be d(19). Let b be (-4)/(-1) + 13/(z/(-30)). Let g(w) = w + 2. Give g(b).
3
Let q(z) = -7*z**2 + 1. Let k = -6 - 49. Let p(h) = -61*h + 188. Let s be p(4). Let c = k - s. Calculate q(c).
-6
Let h(c) = c**2 + 11*c - 11 + 6*c + 13*c - 30*c. Determine h(6).
25
Let a(m) = 3*m + 67. Let z be a(-21). Let t be 2 + 50/20*z/(-5). Let o(x) = x**3 - x - 16. What is o(t)?
-16
Let u(m) = 2*m**2 + 10*m + 8. Suppose -g = 4*v + 714, -g - 2*g = -v - 185. Let k = v + 172. Calculate u(k).
36
Let w = 37804 + -75607/2. Let y(t) be the second derivative of 4/5*t**5 + 0 + w*t**2 - 1/6*t**3 + 51*t - 1/12*t**4. What is y(1)?
15
Let w(u) be the third derivative of -1/24*u**4 + 1/60*u**5 + 11 + 1/3*u**3 + 1/120*u**6 + 0*u - 2*u**2. Calculate w(-2).
0
Let c(r) = r**2 - 8*r - 4. Let n = 638 + -742. Let f = 114 + n. Calculate c(f).
16
Let v be 5/(10/(-8)) + (-31)/((-186)/60). Let c(l) = -l**3 + 11*l**2 - 28*l - 7. Calculate c(v).
5
Suppose -29 + 2333 = -128*q. Let n(a) = a**2 + 24*a + 134. Determine n(q).
26
Suppose 8*o - 139 = 21. Suppose 2*a = 4*z - 8, 0 = -a - z - 3*z + o. Let k = -2 - a. Let x(w) = -w**3 - 6*w**2 - w - 4. What is x(k)?
2
Let j(p) = 0 + 9 - 6 - p. Let g(b) = -b**3 + 6*b**2 + b + 1. Let y be 7/21 + 17/3. Let c be g(y). What is j(c)?
-4
Let r(w) = -45*w**2 + 3*w + 10. Let f(o) = 128*o**2 - 9*o - 24. Let n(a) = 6*f(a) + 17*r(a). Determine n(4).
62
Let j be (460/(-80))/(10/40). Let p(n) = n**3 + 23*n**2 - n - 20. Give p(j).
3
Let d(c) = -c**2 - 10*c + 17. Let x = -7226 - -7238. Let z(m) = -8*m - 6*m + 13 + m**2 - 1. Let j be z(x). Give d(j).
-7
Let l(u) be the third derivative of u**5/60 - 2*u**4/3 - 2*u**3 + u**2. Let o be (22 + (-3608)/198)/(-3*(-10)/135). Give l(o).
5
Let p = -20 + 20. Suppose 3*r = -p*r + 12. Let v(a) = 3*a - 8 + 3 - 2 - r*a. Calculate v(-3).
-4
Let t(y) = -6*y + 3 - 4*y**2 + y**2 + 2*y**2. Let r be ((-6)/(-21))/((-201)/2814). Give t(r).
11
Suppose 1736*b + 3*f = 1737*b + 21, -2*b + 3*f - 18 = 0. Let u = -3 + 5. Let o(r) = 4*r**2 - u*r**2 + 2 - 4. Give o(b).
16
Suppose 594 = 27*c + 39*c. Let j(m) = -5*m**3 + c + 4*m**3 + 7*m**2 + 2*m**3 + 9*m + 3. Give j(-6).
-6
Let f(a) be the first derivative of -2*a + 47 - 1/2*a**4 + 1/3*a**3 - 1/2*a**2. What is f(2)?
-16
Let b(o) = o**3 + 18. Let d(w) = 2*w + 3. Let f be d(-8). Let i = f - -21. Let j be 2/(-4) + 4/i. Determine b(j).
18
Let c(b) = 2756*b - 929*b - 900*b - 926*b - 7 - 1. Suppose -2*s + 3*a + 0*a - 15 = 0, 15 = -4*s + 3*a. Suppose -3*h = 5*x - 28, -2*x + s - 2 = -h. Give c(h).
-2
Suppose 9*z = 7*z + 4. Suppose z*u = -196 - 4. Let k be (-2)/(-14) - u/35. Let l(c) = 2*c**2 - c - 4. Calculate l(k).
11
Let d(l) = -259*l**2 - 26*l - 124. Let z(y) = -47*y**2 - 5*y - 25. Let h(f) = 2*d(f) - 11*z(f). Calculate h(9).
-27
Let l(j) = -j + 12. Let z be l(-5). Let g(w) = z*w + 22*w + 27*w + 22*w - 86*w - 2. Suppose 2*t + 5 + 3 = 0. What is g(t)?
-10
Let t(r) = -4*r + 2617 + 2*r**2 - 5238 - 5*r**2 + 2619. Let m(o) = -3 + 3 + 3*o + 1. Let w be m(-1). Calculate t(w).
-6
Let r be (-168)/(-21) - (-10 + 0 + 5). Let t(u) be the second derivative of -u**5/20 + 7*u**4/6 - 2*u**3 - 6*u**2 - 18*u. What is t(r)?
1
Suppose -3*n - 4*h = -0*n - 18, 4*n - 5*h + 7 = 0. Let d(o) = 5*o**3 - 4*o**2 + 4. Give d(n).
28
Let p be (-52)/130*(15/(-2))/1. Suppose -72*d + 5*h - 10 = -71*d, -5*d + p*h - 6 = 0. Let j(y) = -y**2 - y - 17. What is j(d)?
-17
Let l(a) = a**3 - 18*a**2 + 17*a - 1. Let c be 160/32*(-17)/(-5). Calculate l(c).
-1
Let a(c) = -2*c**2 - 3*c**2 + 4*c**2 + c. Suppose 0 = -16*q + 13*q - 633. Let h = q - -212. Calculate a(h).
0
Suppose 5*l = -4*c - 66, -5*l + 0*l - c = 69. Let q be 8*((-9)/l - 6/42). Suppose -3*v = -2*v - q. Let h(m) = m**3 - 3*m**2 - 5*m + 4. What is h(v)?
0
Let w be 961/(-6) + 11/66. Let x = -161 - w. Let h(r) = 15*r**3 + 2*r**2 - 1. Calculate h(x).
-14
Suppose -5*u - 84 = -7*u. Let y = u + -62. Let n = -18 - y. Let f(r) = -r**3 + 3*r**2 + 2. What is f(n)?
6
Let x(o) = -3*o**2 + 2 + 213*o**3 - 452*o**3 + 4*o + 238*o**3. Give x(3).
-40
Let w(h) = 542*h - 8. Let v(x) = -721*x + 7. Let g(j) = -3*v(j) - 4*w(j). Calculate g(3).
-4
Let s(g) = -9*g + 65. Suppose 59*b - 46 = 71*b - 166. Calculate s(b).
-25
Let p(m) be the third derivative of m**5/30 + 7*m**4/6 + 73*m**3/6 - 5604*m**2. Calculate p(-3).
7
Let q be 1 + (3 - -1) + (-12 - 16 - -12). Let j(y) = 3*y + 40. Determine j(q).
7
Let t(d) = -7*d**2 + 2*d - 6. Let a(g) = -7*g**2 + g - 4. Let v(o) = -3*a(o) + 2*t